n divisor of g and 30?
10
Let j be (-4)/12 - 382/6. Let f be -1*(0 + j + 1). Let i = -42 + f. What is the highest common divisor of i and 14?
7
Let i(n) = n + 5. Let z be i(0). Suppose -z*h - p = p - 162, 4*h = p + 127. What is the highest common divisor of 8 and h?
8
Suppose -3*a + 28 = -n, 4*a + n - 12 = 2*a. What is the highest common divisor of 8 and a?
8
Let f(b) = -b**2 + 4*b + 3*b**2 - 4*b. Let q be f(-1). Suppose 4*i - 214 = -2*r, -i + q*i - 5*r = 59. What is the highest common factor of i and 36?
18
Let h(n) = -n**2 + 10*n + 5. Let u be h(7). Let l be -4 + -3*u/(-6). What is the greatest common factor of l and 45?
9
Let w be 8*(-2)/4 + 213. Calculate the highest common divisor of w and 19.
19
Let h(k) = k - 2. Let p be h(-2). Let r(u) = -5*u - 4. Let s be r(p). Calculate the highest common factor of s and 128.
16
Let n(o) = -o**2 + 111. Let s be n(0). Let i = 159 - s. Calculate the greatest common divisor of 12 and i.
12
Suppose 0 = -0*a + a. Suppose a*v - 5*v = 25, 3*v + 6 = -j. What is the greatest common factor of 1 and j?
1
Let v = -5 - -49. Let u = 1 + -12. Let g = u - -15. What is the greatest common factor of v and g?
4
Let v(g) = -g + 8. Let w(x) = 9 + 5 - x - 6. Let q(k) = -2*v(k) + 3*w(k). Let u be q(7). What is the greatest common factor of 3 and u?
1
Suppose -2*g + 3*l = -0*l + 6, 5*g + 15 = l. Let y = 5 - g. Suppose 0 = 4*i - 3*i - 2*w - 14, 2*w = -2*i + 46. What is the highest common divisor of y and i?
4
Suppose 5*i = m + 119, 5*m + 11 + 104 = 5*i. Suppose 3*r = 4*r + 16. Let c = r + i. Calculate the greatest common factor of c and 64.
8
Let k(n) = 6*n**2 - 6*n. Let b be k(-3). Calculate the highest common factor of 48 and b.
24
Let q be (-18)/63 - (-1474)/14. What is the greatest common divisor of 15 and q?
15
Let q(w) = 18*w**2 - 5*w - 2. Suppose 3*b - 2 + 8 = 0. Let o be q(b). What is the highest common factor of 10 and o?
10
Suppose -3*t + 32 - 11 = 0. What is the highest common factor of t and 133?
7
Let j = 8 + -3. Suppose -95 = j*m + 10. Let v = 29 + m. Calculate the greatest common factor of v and 8.
8
Let l(g) = g**3 + 6*g**2 + g + 8. Let j be l(-6). Suppose -5*w + j*w = i - 119, 4*w = 5*i + 165. What is the greatest common divisor of 8 and w?
8
Suppose -5*y - 410 = -7*y. What is the highest common divisor of 41 and y?
41
Suppose 3*d - 5*r = -d + 20, 5*d - 4*r = 25. Let v be ((-1)/(-1) - -3)*d. Calculate the greatest common factor of v and 100.
20
Suppose -40*d = -35*d - 10. What is the greatest common divisor of d and 4?
2
Suppose 5*u - 115 = -5*y, 0 = -y - 3*u + 9 + 4. Calculate the greatest common factor of y and 42.
14
Suppose -6*r = -9*r + 27. Calculate the highest common factor of 99 and r.
9
Suppose -2*u + 6 = -u. Suppose -2 = 2*d - u. Suppose 3*o + 51 = 2*w - 0*w, 66 = d*w + 2*o. Calculate the highest common factor of w and 10.
10
Let m = 1 - -1. Suppose 108 = 3*h + g, 2*h - 152 = -m*h - 4*g. What is the highest common divisor of 7 and h?
7
Suppose p + 3*p = 60. Let b(f) = f**2 - f - 22. Let r be b(0). Let k = r + 37. Calculate the highest common divisor of p and k.
15
Let s = -14 + 31. Let m be s/3 - 2/(-6). Suppose -4*z + 37 = -83. Calculate the greatest common divisor of m and z.
6
Let s = 90 - 18. Let v(b) = b**2 + 6*b + 17. Let o be v(-3). What is the highest common factor of o and s?
8
Suppose 3*g + f = 0, -7*f = -5*g - 2*f + 20. Let y be (-6 + 3)/((-3)/3). Calculate the highest common factor of y and g.
1
Let z(m) = m**2 - 4*m - 1. Let r be z(4). Let x = r + 3. Suppose o = h + 4, x*o + 3*h + 2*h = 15. What is the highest common divisor of o and 45?
5
Suppose -4*j + 9*j = 45. Suppose -j + 41 = 2*x. Calculate the greatest common divisor of 112 and x.
16
Let v(a) = -a**2 + 7. Let m = -13 + 13. Let s be v(m). Suppose i - 2*c = 2*c - 9, -5*c + 6 = -2*i. What is the greatest common divisor of s and i?
7
Let h = -5 + 13. Suppose -3*g + 4*v + 32 = 0, -4*v = 10 + 10. Calculate the greatest common factor of h and g.
4
Let n be (-2 - -4)*29/(-2). Let t = 44 + n. Let v = -25 + 70. Calculate the highest common divisor of v and t.
15
Let r be 240/(-18)*6/(-2). Let d = -20 + 25. Calculate the highest common factor of r and d.
5
Let i(u) = 4*u**3 - 2*u**2 + 1. Let v be i(1). Suppose 0 = -5*t - 51 + 66. Suppose -2*o = t*j + 4, j + v = -1. What is the greatest common factor of o and 44?
4
Let h be (24/18)/(8/6). Calculate the highest common factor of h and 4.
1
Let o be -120*(3/(-4))/1. Suppose -4*i - 184 = -5*g, -4*i - 3 - 1 = 0. What is the highest common factor of o and g?
18
Let s(i) = -3*i**3 - i**2 + i + 3. Let y(l) = -4*l**3 - l**2 + 4. Let v(m) = -3*s(m) + 2*y(m). Let h be v(-2). What is the greatest common divisor of 11 and h?
1
Suppose 3*m + 2 - 5 = -g, 3*m = 3*g + 15. Let a(u) = -2*u - 6. Let j be a(-8). Calculate the highest common factor of j and m.
2
Let k = -159 + 169. Calculate the greatest common divisor of k and 2.
2
Let i(u) = -u**3 - 6*u**2 + 1. Let b be i(-6). Let d be (-5)/(-3) - 1/(-3). Let x be 3/2*d/3. What is the greatest common factor of x and b?
1
Let d(t) = -t**3 + 11*t**2 - 19*t + 12. Let v be d(7). What is the greatest common divisor of v and 30?
15
Let h = 4 - 2. Let o be -11*(h*-1 - -1). Calculate the greatest common factor of 11 and o.
11
Suppose -4*r + 0*r + o + 140 = 0, -5*r + 196 = 4*o. Calculate the highest common divisor of 12 and r.
12
Let s = 67 + -40. What is the highest common divisor of 54 and s?
27
Let g(h) = h**3 - 6*h**2 + 6*h + 7. Let q be g(5). Let u be (1 - (-9)/3)*30. Suppose -u = -5*d - 0*d. Calculate the greatest common divisor of q and d.
12
Let w(a) = -a**2 - 4*a + 8. Let p be w(-6). Let r be (-246)/(-15) + p/10. Let q = 108 - -36. What is the greatest common factor of r and q?
16
Let p = 317 + -212. What is the highest common divisor of p and 42?
21
Let t be 1/(-2) + (-16)/(-32). Suppose -4*s = -4*p - 140, t = 3*s - p - 38 - 63. What is the highest common factor of s and 3?
3
Let r(z) = -z - 5. Suppose 5*y - 3 = -2*a - 0, 0 = 3*a + 4*y + 6. Let p be r(a). Suppose 2*t = g, -p = t - 2. Calculate the highest common factor of 2 and g.
2
Let t(n) = n**2 + n - 14. Let o be t(-6). Let b be o - -2 - (2 - -1). Calculate the highest common factor of b and 3.
3
Let s(a) = 3*a**2 - 2*a - 15. Let o be s(6). What is the greatest common factor of 18 and o?
9
Suppose 8*r - 3*r - 15 = 0. Let g = r - -17. Calculate the greatest common divisor of 60 and g.
20
Suppose -1336 = -6*h - 346. Calculate the greatest common factor of h and 66.
33
Suppose -23*j + 60 = -19*j. What is the highest common divisor of 135 and j?
15
Suppose 220 = j - 2*t, -4*j - t + 473 = -362. Calculate the highest common divisor of j and 30.
30
Suppose 9 = h - 4*h. Let t(s) = 2*s**2 + 3*s + 1. Let f be t(h). Let y(d) = -d**2 - 6*d - 3. Let w be y(-4). What is the highest common divisor of f and w?
5
Suppose p = 4*k - 32, -7 - 24 = -3*k - p. What is the greatest common divisor of 12 and k?
3
Let k be 782/7 - (-2)/7. Let f = -92 + 106. Calculate the greatest common divisor of k and f.
14
Let p = 114 - 60. Suppose 45 = 4*u + u. Calculate the greatest common factor of p and u.
9
Let n = 5 + 4. Suppose 0 = -10*y + 5*y + 45. What is the greatest common divisor of y and n?
9
Suppose 4*f - 4 = -0*f - 4*w, 0 = 3*f - 5*w + 21. Let b be -2 + 50 + f - 2. What is the highest common factor of b and 4?
4
Suppose 14 = 4*a - 30. What is the greatest common factor of 33 and a?
11
Suppose 140 = 3*w + 2*x, -4*w + x = -x - 196. What is the highest common divisor of w and 16?
16
Suppose 5*b + 40 = 3*s, 4*s + 2*b = 5*b + 68. What is the highest common factor of s and 60?
20
Let k(a) = -a + 6. Let o be k(0). What is the highest common factor of 18 and o?
6
Suppose 5*g = 3 + 17. Let s = -20 + 48. What is the highest common factor of g and s?
4
Suppose -1 + 3 = -r. Let j(s) = -s - 3. Let x be j(r). Let y be (-66)/(-3) - (x - -1). Calculate the greatest common divisor of 33 and y.
11
Let x be 14/10 - 2/5. Let b(t) = 54*t + 1. Let z be b(x). Suppose 2*m - 7*m = -z. What is the greatest common divisor of m and 22?
11
Let f(n) = n**2 - 11*n + 7. Let q be f(11). What is the highest common divisor of 7 and q?
7
Let y = 3 - 5. Let t(k) = 5*k**2 + 3*k + 3. Let g be t(y). Let x(f) = f**3 - 8*f**2 + f - 5. Let d be x(9). What is the great